490206?
2, 1245103
List the prime factors of 536624.
2, 11, 3049
What are the prime factors of 264025?
5, 59, 179
List the prime factors of 306351.
3, 34039
What are the prime factors of 3661941?
3, 457, 2671
What are the prime factors of 12010267?
2311, 5197
What are the prime factors of 7422144?
2, 3, 29, 31, 43
List the prime factors of 244922.
2, 151, 811
List the prime factors of 406802.
2, 11, 41
List the prime factors of 1707299.
11, 155209
List the prime factors of 261089.
261089
List the prime factors of 286100.
2, 5, 2861
List the prime factors of 2423356.
2, 13, 29, 1607
What are the prime factors of 726231?
3, 11, 59, 373
List the prime factors of 1283203.
19, 67537
What are the prime factors of 283233?
3, 19, 4969
List the prime factors of 4927882.
2, 37, 66593
List the prime factors of 21004543.
7, 23, 283, 461
What are the prime factors of 1303374?
2, 3, 217229
List the prime factors of 3433885.
5, 7, 13, 7547
List the prime factors of 12588.
2, 3, 1049
What are the prime factors of 1770007?
31, 57097
What are the prime factors of 1863584?
2, 58237
List the prime factors of 248968.
2, 31121
What are the prime factors of 293023?
179, 1637
What are the prime factors of 1239518?
2, 7, 29, 43, 71
What are the prime factors of 7036863?
3, 53, 44257
List the prime factors of 825968.
2, 11, 13, 19
What are the prime factors of 5509096?
2, 688637
What are the prime factors of 574443?
3, 83, 769
What are the prime factors of 1477366?
2, 11, 67153
What are the prime factors of 399983?
399983
What are the prime factors of 2088961?
7, 107, 2789
What are the prime factors of 13945863?
3, 41, 113381
List the prime factors of 4393406.
2, 2196703
List the prime factors of 1506977.
1506977
List the prime factors of 450266.
2, 225133
What are the prime factors of 16528620?
2, 3, 5, 83, 3319
List the prime factors of 907334.
2, 453667
What are the prime factors of 13737883?
313, 43891
List the prime factors of 592138.
2, 107, 2767
List the prime factors of 23055343.
23055343
List the prime factors of 126298.
2, 63149
What are the prime factors of 157643?
19, 8297
List the prime factors of 35799762.
2, 3, 19, 71, 4423
What are the prime factors of 3074125?
5, 24593
List the prime factors of 13853110.
2, 5, 383, 3617
What are the prime factors of 569105?
5, 43, 2647
List the prime factors of 14125656.
2, 3, 588569
What are the prime factors of 139344?
2, 3, 2903
List the prime factors of 5013803.
347, 14449
What are the prime factors of 3795891?
3, 11, 10457
List the prime factors of 17952031.
17952031
What are the prime factors of 6901953?
3, 2300651
What are the prime factors of 20925573?
3, 457, 15263
List the prime factors of 531471.
3, 17, 613
What are the prime factors of 168161?
7, 24023
List the prime factors of 266148.
2, 3, 7393
List the prime factors of 157393.
157393
List the prime factors of 3613489.
11, 89, 3691
List the prime factors of 284702.
2, 11, 12941
List the prime factors of 1642223.
11, 23, 6491
What are the prime factors of 16731?
3, 11, 13
What are the prime factors of 714678?
2, 3, 311, 383
List the prime factors of 461155.
5, 149, 619
What are the prime factors of 3845133?
3, 427237
List the prime factors of 925925.
5, 7, 11, 13, 37
List the prime factors of 10121640.
2, 3, 5, 84347
What are the prime factors of 4223910?
2, 3, 5, 140797
List the prime factors of 3237356.
2, 809339
What are the prime factors of 1307088?
2, 3, 29, 313
What are the prime factors of 604898?
2, 7, 43207
What are the prime factors of 5017380?
2, 3, 5, 17, 4919
What are the prime factors of 41369791?
41369791
What are the prime factors of 28048342?
2, 7, 53, 103, 367
List the prime factors of 1743228.
2, 3, 16141
What are the prime factors of 9572635?
5, 1914527
List the prime factors of 6242807.
479, 13033
What are the prime factors of 1825956?
2, 3, 11, 29, 53
List the prime factors of 118918.
2, 37, 1607
What are the prime factors of 14583199?
3253, 4483
What are the prime factors of 1324615?
5, 43, 61, 101
List the prime factors of 206029.
179, 1151
List the prime factors of 398060.
2, 5, 13, 1531
List the prime factors of 180365.
5, 36073
What are the prime factors of 274592?
2, 8581
List the prime factors of 6323923.
6323923
List the prime factors of 770437.
770437
What are the prime factors of 1659587?
1659587
List the prime factors of 1006933.
1006933
What are the prime factors of 1030073?
11, 8513
List the prime factors of 6546921.
3, 17, 31, 41, 101
What are the prime factors of 600246?
2, 3, 33347
What are the prime factors of 2448951?
3, 816317
List the prime factors of 5796458.
2, 2898229
List the prime factors of 30429085.
5, 1069, 5693
What are the prime factors of 391636?
2, 7, 71, 197
What are the prime factors of 5264533?
43, 191, 641
List the prime factors of 2084274.
2, 3, 115793
List the prime factors of 8244296.
2, 1030537
What are the prime factors of 14869908?
2, 3, 413053
What are the prime factors of 3146229?
3, 19, 6133
What are the prime factors of 1073059?
13, 197, 419
What are the prime factors of 6147569?
97, 63377
List the prime factors of 1313273.
13, 101021
List the prime factors of 3134317.
31, 101107
What are the prime factors of 7142263?
7142263
What are the prime factors of 106332?
2, 3, 8861
List the prime factors of 1846085.
5, 421, 877
List the prime factors of 700150.
2, 5, 11, 19, 67
List the prime factors of 244359.
3, 19, 1429
List the prime factors of 186602.
2, 13, 7177
What are the prime factors of 5723992?
2, 715499
List the prime factors of 9588602.
2, 4794301
List the prime factors of 3135879.
3, 348431
What are the prime factors of 2936044?
2, 151, 4861
List the prime factors of 2285008.
2, 11, 12983
List the prime factors of 642135.
3, 5, 13, 37, 89
What are the prime factors of 249794?
2, 124897
List the prime factors of 295519.
7, 37, 163
List the prime factors of 4269161.
13, 328397
List the prime factors of 946983.
3, 479, 659
List the prime factors of 475319.
13, 36563
What are the prime factors of 1356394?
2, 13, 4013
What are the prime factors of 289595?
5, 17, 3407
What are the prime factors of 6564352?
2, 12821
List the prime factors of 4589357.
709, 6473
List the prime factors of 446388.
2, 3, 37199
What are the prime factors of 173779?
173779
What are the prime factors of 399470?
2, 5, 43, 929
List the prime factors of 30923937.
3, 11, 23, 503
What are the prime factors of 98685?
3, 5, 17, 43
What are the prime factors of 211560?
2, 3, 5, 41, 43
List the prime factors of 6384189.
3, 7, 304009
What are the prime factors of 14135807?
7, 2019401
List the prime factors of 6201741.
3, 7, 13, 22717
List the prime factors of 32859689.
2371, 13859
List the prime factors of 30642684.
2, 3, 47, 54331
List the prime factors of 4037387.
313, 12899
List the prime factors of 13461658.
2, 7, 961547
List the prime factors of 1908323.
1908323
List the prime factors of 761536.
2, 73, 163
What are the prime factors of 30370?
2, 5, 3037
What are the prime factors of 1690750?
2, 5, 6763
List the prime factors of 120102.
2, 3, 37, 541
What are the prime factors of 297812?
2, 74453
What are the prime factors of 12549191?
23, 545617
What are the prime factors of 969806?
2, 97, 4999
What are the prime factors of 3999107?
7, 647, 883
What are the prime factors of 5502676?
2, 1375669
What are the prime factors of 3038364?
2, 3, 7, 4019
What are the prime factors of 23759?
23, 1033
What are the prime factors of 10458444?
2, 3, 29, 41, 733
List the prime factors of 8913642.
2, 3, 43, 34549
What are the prime factors of 1485087?
3, 23, 21523
What are the prime factors of 2013179?
7, 287597
List the prime factors of 7789880.
2, 5, 7, 43, 647
What are the prime factors of 14309646?
2, 3, 13, 383, 479
What are the prime factors of 14010718?
2, 7005359
List the prime factors of 121145.
5, 24229
List the prime factors of 4695407.
4695407
List the prime factors of 2012900.
2, 5, 20129
What are the prime factors of 881931?
3, 149, 1973
What are the prime factors of 141655?
5, 41, 691
What are the prime factors of 6444710?
2, 5, 103, 6257
What are the prime factors of 897234?
2, 3, 13, 11503
What are the prime factors of 6655529?
19, 29, 47, 257
List the prime factors of 688409.
47, 97, 151
What are the prime facto